nder when h(1) is divided by 6?
4
Suppose -m + 0*z + 65 = -5*z, m = 4*z + 70. What is the remainder when m is divided by 23?
21
Let j = 9 + -7. Let v(y) = 11*y**2 - 3*y + 2. Let m be v(j). Suppose -45 = -5*r + m. Calculate the remainder when 50 is divided by r.
16
Let f(i) = -i - 3. Let y(r) = -1. Let m(o) = -f(o) - 4*y(o). Calculate the remainder when 6 is divided by m(-3).
2
What is the remainder when ((-265)/25)/((-2)/10) is divided by 18?
17
Suppose -5*z - 4*y + 161 + 28 = 0, -2*y - 131 = -3*z. Let o(b) = b**2 - b - 20. Calculate the remainder when z is divided by o(-6).
19
Suppose -6*y + 3*y + 67 = 4*l, 0 = 2*y - l - 63. What is the remainder when 84 is divided by y?
26
Let t(m) = m + 2. What is the remainder when (-2 + 4 + 0)/((-1)/(-1)) is divided by t(0)?
0
Let l(k) = -15*k. What is the remainder when l(-3) is divided by 24?
21
Let j(i) = i**2 - 4*i + 3. Calculate the remainder when j(6) is divided by 4/(-6) + (-26)/(-3).
7
Let f = -196 - -291. What is the remainder when f is divided by 24?
23
Let m(v) = -v**2 + 7*v + 6. Let h be m(6). What is the remainder when 10 is divided by h/16 + (-26)/(-8)?
2
Let x = 70 + -62. Calculate the remainder when 27 is divided by x.
3
Let p(l) = l**2 - 7*l + 3. Let u = -62 + 93. Calculate the remainder when u is divided by p(8).
9
Suppose 4*h = z + 10, 0 = -4*z - 0*z + h + 5. Suppose 2 = 2*l + z*m, -5*l + 16 = m - 5. Suppose 20 = -l*c + 7*c. Calculate the remainder when c is divided by 6.
4
Let w be -115 + 0 + -4 + 1. Let n = w + 199. Calculate the remainder when n is divided by 21.
18
What is the remainder when 9 is divided by (-18)/4*(-4)/3?
3
Calculate the remainder when 1743/12 + (-11)/44 is divided by 15.
10
Let i = 16 - 11. Let l be 6 - i - 6/1. Calculate the remainder when 30 + (l - -1)/(-2) is divided by 11.
10
Suppose 0*j - 5*j = 110. Let l = j + 37. Calculate the remainder when 44 is divided by l.
14
Let h(w) = w**3 - 10*w**2 - 9*w - 5. Calculate the remainder when 45 is divided by h(11).
11
Let v = 5 + -7. What is the remainder when (-3)/((2/5)/v) is divided by 9?
6
Let n = -28 + 50. Let o = -44 - 20. Let g = o - -107. What is the remainder when g is divided by n?
21
Let k(o) = -2*o - 5. Let t be (-2 + (0 - -2))*-1. Suppose 2*v + 0 + 10 = t. What is the remainder when 14 is divided by k(v)?
4
Let v(h) = h**2 + 4. What is the remainder when (1 + (-20)/6)*-21 is divided by v(3)?
10
Let r = 18 + 1. Suppose 177 = 3*v + q + 2*q, 2*q = v - 47. What is the remainder when v is divided by r?
17
Calculate the remainder when -188*(13/(-4) + 3) is divided by 12.
11
Let x(f) = -f**3 + 8*f**2 - 3*f - 5. Let r be x(6). Let h = 72 - r. What is the remainder when h is divided by 12?
11
Let j be ((-24)/(-3))/2 + -4. Suppose 4*k - 4 = j, 5*x - 4*k + 3*k - 64 = 0. What is the remainder when 49 is divided by x?
10
What is the remainder when 123 is divided by (4/(-8))/(5/(-310))?
30
Let n(t) = -t**3 - 8*t**2 + 10*t + 13. Let y be n(-9). Suppose -78 = -y*x + 58. Calculate the remainder when x is divided by 18.
16
Let g(n) = n**2 - 2*n + 37. What is the remainder when 108 is divided by g(0)?
34
Suppose 4*j = t + 10, -4*j + 18 = -2*t - 3*t. Let r(i) = 16*i - 1. What is the remainder when r(j) is divided by 17?
14
Let g = -4 - -24. What is the remainder when g is divided by 11?
9
Suppose -3*v - 2*v + 40 = 0. What is the remainder when 29 is divided by v?
5
Suppose 0 = 5*d - 62 - 58. Suppose 3*z - 4*b - 23 = 0, -3*b + 3 = -0. What is the remainder when d is divided by z?
6
Suppose -15 = g - 6*g. Suppose -2*y + 26 = 4. Calculate the remainder when y is divided by g.
2
Suppose z - 5 = -0*z. Suppose f - 18 = -5*t + 17, 5*t = -z*f + 15. What is the remainder when 22 is divided by t?
6
Suppose -3*s - 6 = -0. What is the remainder when 47 is divided by -8*(1 + (s - 1))?
15
Let n be 12/(-3 + (-6)/(-4)). Let u(q) = 2*q**2 + q - 2. Calculate the remainder when u(3) is divided by 9 - 4*(-4)/n.
5
Suppose 6*x - 250 = -70. Calculate the remainder when 119 is divided by x.
29
Let m(a) = 8*a**2 - a - 7. Calculate the remainder when m(-2) is divided by 5.
2
Let x(s) = -s + 2. What is the remainder when 47 is divided by x(-10)?
11
Suppose -68 = -7*j + 3*j. What is the remainder when 33 is divided by j?
16
Suppose -4*l + 15 = -5. Suppose -11 = -l*v - 2*p + 15, 3*v + p = 15. What is the remainder when 47/7 + 2/7 is divided by v?
3
Let q be ((-9)/6)/(6/(-12)). Calculate the remainder when 174/7 - q/(-21) is divided by 13.
12
Let m = 46 - 19. Calculate the remainder when 105 is divided by m.
24
Let w = 3 + 0. Let f(a) = -w + a + 4 - 4*a + 4*a**2. Calculate the remainder when 21 is divided by f(2).
10
Suppose 3*q - 3*x - 15 = 0, 0*q = 5*q - x - 25. Suppose -2*k - 8 = q*m + 35, -4*m = -k + 11. Let f = k - -33. What is the remainder when f is divided by 13?
11
Let v be (-45)/(-10) - 2/4. Suppose -2*f - v*n + n = -47, -f + 16 = -n. Let y = -60 - -97. What is the remainder when y is divided by f?
18
Suppose 10 = 2*x - 0*x. Calculate the remainder when 13 is divided by x.
3
Let x(n) be the third derivative of n**6/120 - 3*n**5/20 + n**4/8 + n**3/3 + n**2. What is the remainder when x(9) is divided by 15?
14
Let f(r) = -3*r - 33. Calculate the remainder when f(-15) is divided by 3.
0
Calculate the remainder when 9/(-15)*(-45 + 0) is divided by 7.
6
Suppose -50 = 3*n - 5*n. Let h(t) = -5*t - 2. Calculate the remainder when n is divided by h(-3).
12
Let o(z) = -16*z**3 - 2*z - 1. Suppose -160 = -3*s + 5*r, 208 = 4*s - 5*r + r. What is the remainder when s is divided by o(-1)?
16
Let o = -94 + 99. Calculate the remainder when 64 is divided by o.
4
Let m = 77 + -46. Let b = -18 + m. Suppose 3*k = 2*f + 69, -4*k + 3*f - 134 = -9*k. Calculate the remainder when k is divided by b.
12
Let q = -6 - -4. Let l(p) = 4*p**2 + 3*p + 3. Suppose -3*k = -0*k - 21. Calculate the remainder when l(q) is divided by k.
6
Let s(y) = -y + 8. Let j be s(5). Suppose 8*q - 30 = j*q. Suppose -q*r + 18 = -3*r. What is the remainder when 11 is divided by r?
5
Suppose -4*f - 5*q + 71 = 0, -f - 1 = -5*q - 0. What is the remainder when f is divided by 6?
2
Let g(l) = 34*l - 1. Let n be g(1). Suppose 5*v = 0, -3*c + 5*v + n = -18. Calculate the remainder when (-4)/(-14) + 222/7 is divided by c.
15
Suppose 2*s = -2*f + 314, 3*s - 247 + 94 = -f. Calculate the remainder when f is divided by 27.
24
Calculate the remainder when 165 is divided by (-28 - 0)*((-27)/6 + 3).
39
Calculate the remainder when 18 is divided by -3 + 7 + 3 + -2.
3
Let d = -6 + 14. What is the remainder when (-8 + 6/3)*30/(-9) is divided by d?
4
Let h(r) = 29*r**3 + 2*r**2 - r + 1. Calculate the remainder when 58 is divided by h(1).
27
Let z(l) = l**2 + 6*l + 4. Let q(p) = -1. Let g(w) = -q(w) - z(w). What is the remainder when g(-5) is divided by (-1)/2*-4 - 0?
0
Suppose 3*t = 4*n - 49, 4*t + 0*n = -4*n - 28. Let p(k) = -3 + k + k + k**2 + 6*k. Calculate the remainder when p(t) is divided by 16.
14
Let q be (-64)/(-11) - (-2)/11. Let k = -4 + q. Suppose -k*f = -3*f + 4. Calculate the remainder when f is divided by 3.
1
Let v(d) = d**3 - 3*d**2 - 7*d - 2. Suppose -12*c + 6 = -10*c. Suppose -c*g - 2*g = -190. What is the remainder when g is divided by v(5)?
12
Let w = -33 - 18. Let c = w + 73. Calculate the remainder when 87 is divided by c.
21
Let x be (1 + 1)*(-13)/(-2). Let l = x + 0. Suppose -2*d + 7*d = k + 190, 0 = -2*d + 4*k + 94. Calculate the remainder when d is divided by l.
11
Let a(n) = -n - 4. Let d be a(-3). Let g(l) be the third derivative of -3*l**4/4 - l**3/6 - 7*l**2. What is the remainder when 48 is divided by g(d)?
14
Let d(o) = 21*o**3 + 2*o**2 - o. Let h be d(1). Let g = -10 + h. Suppose 4*i - 66 - 59 = -5*a, -57 = -2*a - 3*i. What is the remainder when a is divided by g?
9
Let v(x) = 25*x - 3. Let m be v(3). Let o be m/(-3) + (0 - 2). Let u = o + 37. What is the remainder when u is divided by 4?
3
Let k(y) = y**2 - y + 8. Calculate the remainder when k(6) is divided by 13.
12
Let n be 2/9 + (-205)/(-9). Suppose 7*a = 6*a + 13. Calculate the remainder when n/1 - -1 - 0 is divided by a.
11
Let a be 1/4 + (-1)/4. Suppose -m - 5 + 37 = a. Let l = -4 + 15. What is the remainder when m is divided by l?
10
Suppose 192 = -9*x + 15*x. Calculate the remainder when x is divided by 12.
8
Suppose 24